3*r - 6. Calculate g(2).
12
Let r(h) = h**3 - 538*h**2 + 7847*h - 20. Give r(15).
10
Let i(x) = x**3 - 7*x**2 - 39*x - 3. What is i(-3)?
24
Let a(x) = -3*x**3 + 112*x**2 + 74*x + 82. Calculate a(38).
6
Let s(q) = -8275*q + 148968. Determine s(18).
18
Let v(j) = 8*j**3 + 276*j**2 + 279*j + 5. Give v(-1).
-6
Let d(j) = 16*j**3 + 2*j**2 + 2*j + 16. Calculate d(-2).
-108
Let s(j) = 576*j + 4001. Determine s(-7).
-31
Let k(l) = -l**3 + 2*l**2 + 12*l + 71. What is k(6)?
-1
Let b(x) = -7*x**2 + 75*x - 18. Calculate b(16).
-610
Let b(g) = 2*g**2 - 129*g + 2039. Give b(28).
-5
Let m(i) = -i**3 - 12*i**2 - 31*i - 19. Determine m(-8).
-27
Let c(g) = 136*g - 140. Give c(1).
-4
Let x(v) = v**2 - 360*v - 37. Determine x(0).
-37
Let b(o) = o**3 - 6*o**2 + 10*o - 16. Give b(4).
-8
Let x(o) = o**3 - 108*o**2 - 240*o + 2055. Calculate x(110).
-145
Let l(o) = 179*o - 26. Determine l(-2).
-384
Let y(a) = -477*a + 491. Give y(1).
14
Let y(c) = -13*c + 1018. What is y(84)?
-74
Let y(b) = 16*b + 250. Give y(-16).
-6
Let i(x) = x**3 + 11*x**2 + 4*x + 63. Determine i(-11).
19
Let x(c) = -2*c - 52. Determine x(-19).
-14
Let m(w) = -12*w + 369. What is m(16)?
177
Let i(o) = 2*o**2 + 2*o - 94. What is i(0)?
-94
Let c(y) = y**3 + 7*y**2 + 4*y + 187. Calculate c(-9).
-11
Let l(y) = y**3 + 37*y**2 + 238*y + 10486. Determine l(-38).
-2
Let u(x) = 1007*x + 1022. Determine u(-1).
15
Let j(w) = 2*w**2 - 70*w + 2. Give j(0).
2
Let k(h) = h**3 + 21*h**2 + 2*h + 6. What is k(0)?
6
Let c(u) = 64*u**2 + 90*u + 84. Calculate c(-1).
58
Let i(y) = y**3 + y**2 - 22*y + 11. Calculate i(4).
3
Let v(p) = p**2 + 15*p - 90. Give v(6).
36
Let k(z) = z**3 + 24*z**2 + 42*z + 122. Determine k(-23).
-315
Let k(i) = -i**2 + 36*i - 320. Determine k(17).
3
Let x(n) = -109*n + 160. Give x(2).
-58
Let y(j) = -j**3 - 79*j**2 - 173*j - 1476. Give y(-77).
-13
Let p(k) = -27*k + 956. Calculate p(35).
11
Let n(j) = -28*j + 290. Calculate n(11).
-18
Let q(r) = -163*r - 1129. What is q(-7)?
12
Let l(v) = 94*v + 1863. Calculate l(-22).
-205
Let m(x) = -2*x**3 - 85*x**2 - 25*x + 125. What is m(-42)?
-589
Let o(q) = -26*q**2 - 4134*q - 187. Calculate o(-159).
-187
Let x(h) = -h**3 + 48*h**2 + 264*h - 216. Give x(53).
-269
Let l(u) = -u**2 - 79*u - 512. What is l(-72)?
-8
Let s(j) = -116*j**2 - 694*j - 1. Determine s(-6).
-13
Let a(w) = -w**2 - 20*w - 106. Give a(-9).
-7
Let f(t) = t**2 - 67*t + 688. Give f(13).
-14
Let r(w) = 4*w**2 + 44*w + 40. Calculate r(-12).
88
Let f(z) = -685*z - 26733. Determine f(-39).
-18
Let b(t) = 5*t**2 - 57*t - 55. Calculate b(13).
49
Let p(r) = -r**2 + 7*r - 11. Give p(3).
1
Let o(j) = j**2 - 27*j + 126. Determine o(9).
-36
Let m(l) = 140*l + 3676. Determine m(-26).
36
Let s(q) = q**2 - q - 91. Determine s(12).
41
Let y(m) = -2*m**3 - 127*m**2 - 423*m - 184. Give y(-60).
-4
Let s(y) = -9*y**2 - 10. Give s(0).
-10
Let d(r) = -48*r + 575. Give d(16).
-193
Let y(k) = 28*k - 327. Determine y(12).
9
Let o(r) = -8*r + 120. Calculate o(-22).
296
Let u(q) = 2*q**3 + 23*q**2 - 9*q - 13. What is u(-12)?
-49
Let i(y) = -41*y**3 + 1310*y**2 + 65*y - 36. Give i(32).
-4
Let n(s) = 3*s**3 + 932*s**2 - 297*s + 4309. Give n(-311).
-45
Let a(g) = 6*g + 6. Give a(1).
12
Let o(y) = 8*y**2 + 118*y - 44. Calculate o(-15).
-14
Let j(x) = 2*x**2 - 265*x + 3826. Calculate j(116).
-2
Let w(h) = -70*h + 208. What is w(3)?
-2
Let b(q) = -q**2 - 27*q + 107. What is b(-30)?
17
Let x(n) = 6*n**3 - 6*n**2 + 6*n - 8. Determine x(3).
118
Let c(n) = -184*n - 3793. Give c(-19).
-297
Let z(m) = 2*m**3 - 69*m**2 - 111*m + 112. Calculate z(36).
4
Let m(g) = -g**3 - 4*g**2 + 87*g + 144. What is m(9)?
-126
Let x(t) = -t**3 + 49*t**2 + 95*t + 353. What is x(51)?
-4
Let g(w) = w**2 - 1399*w + 8350. What is g(6)?
-8
Let p(j) = 10141*j + 81127. What is p(-8)?
-1
Let t(x) = -2*x**2 + 39*x - 128. Give t(15).
7
Let a(y) = -10*y + 89. Calculate a(5).
39
Let y(z) = -3*z**2 - 211*z - 1830. What is y(-10)?
-20
Let s(v) = -v**2 + 189*v + 1791. Calculate s(-9).
9
Let t(z) = 7*z**3 - 19*z**2 + 7*z - 29. What is t(3)?
10
Let c(p) = p**3 + 32*p**2 + 14*p + 450. Determine c(-32).
2
Let k(f) = 258*f**2 + 38*f + 37. What is k(-1)?
257
Let w(x) = 14*x + 514. Give w(-40).
-46
Let g(k) = -2*k**2 - 60*k - 393. What is g(-21)?
-15
Let n(o) = -2*o**3 - 23*o**2 - 87*o - 2. Give n(-6).
124
Let y(t) = -t**2 + 37*t + 110. Determine y(42).
-100
Let k(n) = -17*n**2 + 6*n + 21. What is k(-3)?
-150
Let h(s) = s**3 - 4*s**2 + 2*s - 12. Give h(4).
-4
Let k(n) = 2*n**3 - 2*n**2 - 54*n + 55. Give k(5).
-15
Let a(t) = -t**3 + 17*t**2 + 9*t. Determine a(17).
153
Let b(y) = 14*y**3 + 9*y**2 + 3*y. Calculate b(-1).
-8
Let t(s) = -s**3 + 9*s**2 + 12*s - 16. Determine t(-2).
4
Let p(q) = 36*q - 1557. Determine p(43).
-9
Let n(l) = 243*l + 965. Calculate n(-4).
-7
Let h(s) = 3*s**2 - 81*s + 10. Calculate h(27).
10
Let i(h) = -h**2 + 57*h - 139. Calculate i(56).
-83
Let d(b) = -7*b**3 - 6*b**2 + 2*b + 3. What is d(-2)?
31
Let i(v) = v**2 + 76*v + 1038. Determine i(-57).
-45
Let d(w) = 4*w**3 - 12*w**2 + 12*w + 6. What is d(2)?
14
Let h(z) = -z**3 + 8*z**2 + 16*z + 14. Calculate h(10).
-26
Let m(v) = v**2 - 46*v + 11. Determine m(46).
11
Let h(i) = 2*i**3 + 50*i**2 - 6*i - 153. What is h(-25)?
-3
Let i(k) = 5*k**2 + 44*k + 7. Determine i(-5).
-88
Let i(b) = -76*b - 1358. Calculate i(-15).
-218
Let n(d) = -140*d - 329. What is n(-4)?
231
Let j(s) = s**2 + 15*s - 1588. Determine j(-48).
-4
Let i(k) = -k**2 + 9*k + 6631. What is i(86)?
9
Let d(p) = -2*p**2 - 28*p + 23. Determine d(-21).
-271
Let l(p) = 50*p + 198. What is l(-4)?
-2
Let q(h) = -2*h**3 - 83*h**2 + 294*h - 939. Give q(-45).
6
Let l(f) = -f**3 - 125*f**2 - 484*f + 1. Calculate l(-121).
1
Let o(m) = -23*m - 10. What is o(-5)?
105
Let y(s) = -51*s - 42. Give y(-1).
9
Let g(x) = -x**3 + x**2 - 2*x + 17. Determine g(5).
-93
Let t(u) = 6*u**2 + 5*u - 6. Give t(3).
63
Let j(k) = -2778*k - 2801. Determine j(-1).
-23
Let u(m) = -7*m**2 + 1252*m - 1249. Calculate u(1).
-4
Let u(r) = -3*r**3 + 11*r**2 + 6*r + 9. Calculate u(4).
17
Let g(w) = -2314*w + 13885. What is g(6)?
1
Let r(w) = 44*w**2 + 751*w + 16. Determine r(-17).
-35
Let k(h) = -h**3 + 28*h**2 - 200*h + 29. What is k(13)?
-36
Let u(w) = -8*w - 122. Calculate u(-16).
6
Let h(m) = -26*m**3 - 235*m**2 - 8*m + 5. Give h(-9).
-4
Let g(y) = -2*y - 343. What is g(-73)?
-197
Let w(v) = 3*v**2 + 93*v + 621. Determine w(-12).
-63
Let f(r) = -41*r + 315. Determine f(8).
-13
Let d(a) = -120*a + 317. Calculate d(9).
-763
Let g(m) = -m**2 + 19*m + 10. Calculate g(12).
94
Let m(i) = 1401*i + 4205. What is m(-3)?
2
Let l(g) = -g**3 - 30*g**2 + 55*g + 19. Determine l(-32).
307
Let j(o) = -o**3 - 6*o**2 + 8*o - 104. What is j(0)?
-104
Let a(t) = -t**3 + 8*t**2 + 10*t - 131. What is a(7)?
-12
Let i(b) = 5*b**2 + 29*b - 86. Calculate i(-8).
2
Let a(x) = x**2 + 14*x - 370. Determine a(-27).
-19
Let q(k) = -363*k - 5814. Calculate q(-16).
-6
Let g(a) = 102*a - 6835. Calculate g(67).
-1
Let t(q) = -351*q + 20390. What is t(58)?
32
Let s(o) = -36*o + 171. What is s(4)?
27
Let b(r) = 654*r - 5244. What is b(8)?
-12
Let n(w) = -w**2 - 23*w + 110. Give n(4).
2
Let g(m) = -12*m + 1738. Give g(100).
538
Let n(m) = m**3 - 36*m**2 - 780*m + 760. What is n(51)?
-5
Let x(s) = 112*s - 304. Calculate x(3).
32
Let t(p) = -1100*p - 4367. Determine t(-4).
33
Let u(f) = 367*f**2 + 9907*f - 52. Give u(-27).
2
Let l(j) = -4*j**2 - 241*j - 3098. Give l(-18).
-56
Let k(s) = 5*s**2 + 4*s - 26. What is k(-4)?
38
Let m(l) = 4*l**2 - 26*l - 20. Calculate m(-1).
10
Let a(i) = 5*i + 177. Calculate a(-33).
12
Let v(l) = -21*l**2 - 581*l + 185. Calculate v(-28).
-11
Let m(h) = h**2 + 3861*h - 73724. Calculate m(19).
-4
Let u(r) = -r**3 - r**2 + r - 122. Calculate u(0).
-122
Let v(r) = r**3 + 19*r**2 + 56*r - 24. Give v(-10).
316
Let y(w) = -w**3 - 2*w**2 + 21*w + 47. Determine y(5).
-23
Let r(j) = -2*j**3 + 11*j**2 + 34. Give r(8).
-286
Let i(s) = 225*s - 19344. Calculate i(86).
6
Let l(i) = 1049*i + 62954. Calculate l(-60).
14
Let j(o) = 7*o**2 + 222*o + 569. Calculate j(-29).
18
Let t(v) = -7*v**3 - 55*v**2 + 10*v + 12. Give t(-8).
-4
Let f(p) = 87*p**2 + 35*p - 3. What is f(-1)?
49
Let o(v) = v**3 - 10*v**2 + 2*v + 15. What is o(13)?
548
Let d(m) = -m**2 + 14*m + 119. Calculate d(-5).
24
Let w(o) 